r, 2*i = 4*r + 16. Suppose -a - 3*a - 2*n = 510, 3*a - 2*n + 393 = i. Let o = -73 - a. List the prime factors of o.
2, 7
Let m = 180 + -185. What are the prime factors of ((-2)/(-4))/(-4*m/9760)?
2, 61
Let s(d) = 31869*d - 332. List the prime factors of s(1).
11, 47, 61
List the prime factors of (136/102)/(2/12)*386.
2, 193
Suppose -2*w + 0*w + 12 = -3*p, 4*w - 60 = -3*p. Suppose -16*x + 18*x = w. List the prime factors of (x/(-18) + 1)*96.
2
Let c(g) = -19*g - 10. Suppose -5*w - 3 = 2. Let o(l) = -l + 1. Let r(f) = w*c(f) - 6*o(f). What are the prime factors of r(3)?
79
Suppose 1053*z - 526818 - 789405 = 1012*z. List the prime factors of z.
3, 29, 41
Let k = 23394 - 13384. What are the prime factors of k?
2, 5, 7, 11, 13
Let b = 69572 - 45028. What are the prime factors of b?
2, 13, 59
Let h be 127*6 - (-4 + 3). Suppose -302 = -y - y - 2*q, h = 5*y - 3*q. Let r = 287 - y. What are the prime factors of r?
3, 5
Let f be ((1 - -2) + 3/(-3))*1. Suppose 12*m - 9*m = -z + 839, -5*z = -f*m + 531. What are the prime factors of m?
2, 139
Let t(s) = -203 + 492 - 189 - 150 - 7*s. Suppose -36 = 5*l + 109. List the prime factors of t(l).
3, 17
Let b = -47 + 43. Let v = 15 - 3. List the prime factors of (33/b)/(v/(-32)).
2, 11
Let k(h) = -h + 11. Let w be k(7). Suppose i - 3 = w*f, -2*f = -0*i - i + 3. List the prime factors of (-74)/i*-6 - (0 + 2).
2, 73
Let n = 51475 + -24824. What are the prime factors of n?
29, 919
Let q = -306 - -310. Suppose q*l - 64 = -76, -4*p = -2*l - 6910. List the prime factors of p.
2, 863
Let m = 7268 + 12623. List the prime factors of m.
19891
Suppose 0 = 347*v - 2576340 - 4360190. What are the prime factors of v?
2, 5, 1999
Let p(u) = -18906*u - 894. What are the prime factors of p(-1)?
2, 3, 19, 79
Let a = -476 - -802. Let f = -199 + a. Let i = -51 + f. List the prime factors of i.
2, 19
Suppose -4*g = 0, 0*g + 2*g + 102 = 3*o. Suppose 29*w + 2990 = o*w. List the prime factors of w.
2, 13, 23
Suppose -2*m - o + 15 = 0, 0 = 4*m - 2*m + 5*o - 27. Suppose 4*v - m = -98. Let t = v + 112. List the prime factors of t.
89
Suppose 826131 = 90*v - 15*v - 581094. What are the prime factors of v?
29, 647
Let w(x) = x**3 + 4*x**2 + 3*x + 4. Let d be w(-3). Suppose -d*g = g. Suppose 2*h = -t + 2*t + 81, g = -h + t + 42. List the prime factors of h.
3, 13
Let d(w) = w + 35. Let r be d(17). Suppose r*q = 56*q - 16. Suppose -q*y - 2*c + 346 = 0, 0 = -0*y + 4*y - 3*c - 361. List the prime factors of y.
2, 11
Let p(s) = -159*s**2 + 3*s - 2. Let w be p(1). Let c = w - -176. List the prime factors of c.
2, 3
Let q = 188 + -98. Let n = q - 87. List the prime factors of n.
3
Let g be 3/((-45)/35)*-9. Let m(w) = -w**3 + 21*w**2 + 28*w - 25. List the prime factors of m(g).
563
Let n(v) = -6*v**2 + 39*v - 131. Let r(h) = 7*h**2 - 40*h + 130. Let q(w) = -6*n(w) - 5*r(w). What are the prime factors of q(45)?
631
Let p(i) = -2*i - 7. Let o be p(-5). Suppose -y + w = -23 + 14, -5*y + 4*w + 48 = 0. Suppose 2*g + 5*c - 12 = o*c, c = -4*g + y. List the prime factors of g.
2
List the prime factors of 1/((-90)/(-12)) - 5738656/(-330).
2, 5, 37, 47
Let u(q) = 2*q**2 - 23*q - 74. Suppose 0 = -4*j + 3*h + 88, 5*j = -7*h + 10*h + 113. What are the prime factors of u(j)?
601
Let t(l) = 10*l**2 - 115*l - 255. List the prime factors of t(30).
3, 5, 353
Suppose b - 9*b = -33048. Suppose -5*n - 431 = -b. Suppose 5*v = -4*u + 731, 8*u - 3*u = 5*v - n. What are the prime factors of v?
3, 7
Suppose 2*f - 19171 = -2*u + 28015, 23601 = f + 3*u. List the prime factors of f.
3, 2621
Suppose 0 = -905*q + 899*q + 336006. What are the prime factors of q?
3, 11, 1697
Suppose 11*n - 35 = -2. What are the prime factors of -12 + 14 - (-3003)/n?
17, 59
Let z be (-67150)/(-70) - 4/14. Suppose 5*x + 4*n - 4771 = 2*n, x - 2*n = z. What are the prime factors of x?
5, 191
Suppose -4*m + 13*l = -1958, -2*m = -3*l + 184 - 1184. List the prime factors of m.
509
Let x(v) be the second derivative of -3*v**5/10 - v**4/4 - 2*v**3/3 - 7*v**2/2 - v + 1332. Let a be 3/(-2)*2*1. What are the prime factors of x(a)?
2, 5, 7
Suppose 0*b + 5*b = 15. Let q be (-9)/(-6)*((-48)/18)/(-2). Suppose b*h - 6*h + 85 = 5*y, q*y - 2*h - 34 = 0. List the prime factors of y.
17
Suppose 721*c - 909*c + 4668792 = 0. List the prime factors of c.
2, 3, 4139
Let c = -44 - -49. Let r be 20/6*6/c. List the prime factors of 78/(-8)*(-96)/r.
2, 3, 13
Let v = -606 - -1041. Suppose -4*s + v = 3*t, -3*t + 456 = -3*s - 0. List the prime factors of t.
149
Let g(f) = 3*f + 3*f**2 - 13*f - 3*f**2 + 3 - 5*f**2 + 4*f**3 + 6*f**2. Let u(x) = -2*x - 3. Let d be u(-3). What are the prime factors of g(d)?
2, 3, 5
Suppose -71 = -15*g + 784. Suppose 37*w - g*w = -23560. What are the prime factors of w?
2, 19, 31
Let x(q) = -2*q**2 + 85*q + 264. Let d be x(48). Suppose -22 = 4*g - 3*g - 5*h, 3*h = 5*g. What are the prime factors of (-75933)/d + g/8?
2, 3
Let j = 15 + 259. Let u = j - 73. What are the prime factors of u?
3, 67
Suppose 9090 = -23*h - 18*h + 47*h. List the prime factors of h.
3, 5, 101
Suppose 3*l - 2941 = -m + 282, -2*l = -10. What are the prime factors of m?
2, 401
Suppose 11*g = -64*g + 277950. List the prime factors of g.
2, 17, 109
Let i(s) = -2 - 52*s**2 + 25*s**2 + 4 + 48*s**3 + 26*s**2 + s - 226*s**3. What are the prime factors of i(-2)?
2, 5, 71
Let x = -15 + 19. Suppose -216 = x*l - 8*l. What are the prime factors of -2 - l/(-4)*(-7 - -11)?
2, 13
Let v = -542 + 548. What are the prime factors of (1153/2 + 0)/(v/12)?
1153
Let t = 271 - 268. Suppose 68 - 284 = -t*d. What are the prime factors of d?
2, 3
Suppose -2185345 = 2263*i - 2294*i. What are the prime factors of i?
5, 23, 613
Suppose -2 = 2*t - b + 2, -12 = t - 3*b. Let y = 94 + t. List the prime factors of y.
2, 47
Let h = 4 + -2. Let t(r) be the third derivative of 7*r**6/120 + r**5/30 + r**4/24 - r**3/6 - 67*r**2. What are the prime factors of t(h)?
5, 13
List the prime factors of 250/1125 + (-147344)/(-18).
2, 4093
Suppose -137*u + 136*u - 2*a = -2189, 4*u + 3*a - 8736 = 0. What are the prime factors of u?
3, 727
Suppose -19194 = -2*z - 2*c, 0 = 4*c + 230 - 242. What are the prime factors of z?
2, 3, 13, 41
Let z = 181 + -97. What are the prime factors of (-4119)/z*-4 - 2/14?
2, 7
Let y(q) = 3 - 14*q + 23*q - 23*q + q**2. Let p be y(14). Suppose -3*o + 33 = -5*n + 212, 5*n + p*o = 191. What are the prime factors of n?
37
Let t(m) = 69*m + 14. Let y(g) = 140*g + 23. Let f(d) = -11*t(d) + 6*y(d). Suppose c - 1 = -o, -3*o + 7 = -0*c + c. List the prime factors of f(o).
227
Let z = -44912 + 77777. What are the prime factors of z?
3, 5, 7, 313
Let d(u) = 10*u**3 + 5*u**2 - 15*u + 28. List the prime factors of d(5).
2, 83
Suppose -35035*g + 35029*g + 106038 = 0. List the prime factors of g.
3, 43, 137
Suppose -3 = -4*f + 5*s, 5*f - s - 9 = -0*s. Let p(u) = -6 + 3*u + 5 - 7*u + 8*u**f + 0*u. List the prime factors of p(-3).
83
Let g = -761 - -1473. Let i = 1036 - g. What are the prime factors of i?
2, 3
Let f(r) = -1797*r + 31852. What are the prime factors of f(0)?
2, 7963
Suppose 358 = 3*j + o, -515 - 89 = -5*j + 2*o. Let g = -688 - j. What are the prime factors of g/(-6) - (-7)/21?
3, 5
Let r = 19 + -25. Let k be (-1)/(2/(-4 + r)). Suppose 3*p - k*p = -46. List the prime factors of p.
23
Suppose -3363079 = 4*r - 153*r. What are the prime factors of r?
22571
Suppose 7*i + 1157 = 2*s + 4*i, 1745 = 3*s + 5*i. Suppose 2870 = 5*j - 5*y, 2*j = 3*j + 5*y - s. What are the prime factors of j?
5, 23
Let f = 22 + -20. Let a(b) = b**2 + 10. Let i be a(-9). Suppose f*w = -l + i, -3*w - 55 = -l - 184. List the prime factors of w.
2, 11
Suppose 22*l = -12*l + 12*l. Suppose 37*z - 10400 - 6916 = l. What are the prime factors of z?
2, 3, 13
Let m(z) = 20*z**2 + 16*z + 43. List the prime factors of m(-10).
7, 269
Let h(c) = c**2 - 37*c - 121. Let m be h(40). Let g(f) = -26*f**2 + f. Let y be g(1). List the prime factors of y/10*-30 - m.
2, 19
Let f be (-2)/11 - (-6802)/22. Let g(p) = 2*p**2 + 48*p - 78. Let n be g(-24). Let y = n + f. List the prime factors of y.
3, 7, 11
Let l(g) = 14*g**2 + 26*g + 15. Let b be l(-11). Suppose 4*n - 547 = -3*k + 304, -5*k + b = 2*n. Suppose -24*d - k = -29*d. List the prime factors of d.
3, 19
Suppose 5*h + 4*l = 47531, 3*l = -771*h + 77